+ -4 + w/15 a prime number?
False
Suppose 42 = 12*j + 6. Suppose 0 = -4*b - 3*s + 4404, 5*b + 5*s = j*b + 2188. Suppose 0*l - 2204 = -2*l - 2*t, 0 = l - t - b. Is l composite?
False
Let h be (72054/(-2))/(27/18). Let q = h + 35753. Is q composite?
True
Let p(x) = 31*x**3 + 9*x**2 - 23*x + 8. Let y be p(12). Is (y/(-12))/((-3)/9) prime?
True
Let p(g) = -g**3 - 5*g**2 - 9*g + 1. Let q be (-182)/15 + 47/15 + -3. Is p(q) a prime number?
True
Let a be -5*(0 - (-42)/10). Let j = 19 + a. Let i(z) = -4*z**3 - 4*z**2 - 5*z - 5. Is i(j) composite?
True
Let o = 47 + -52. Let p(z) = z**3 + 6*z**2 + 8*z + 21. Let k be p(o). Suppose -k*s = -5*s - 293. Is s a composite number?
False
Suppose 81 = -2*m + n, 3*n + 198 = -3*m + 54. Let w = m + 43. Suppose w = -5*y + 9264 - 1549. Is y a prime number?
True
Suppose -z = -4*z + 24009. Let p = z - -7104. Suppose g - 4*m - 3275 = 0, -5*g - 4*m = -p - 1340. Is g a composite number?
True
Suppose -27*c + 2425890 = 959235 - 3373446. Is c prime?
False
Let d = -272753 + 557844. Is d composite?
False
Suppose 9*y - 139 = 5*y - 5*j, 3*y - 106 = -2*j. Is 9527/13 + y/234 prime?
True
Let k(p) = -118*p**3 - 22*p**2 - 16*p + 257. Is k(-14) a composite number?
True
Let d be (537 - 2)/(9/18). Let i = d - 283. Is i composite?
False
Suppose 15*m = 4*m + 44. Is (6/m)/((-27)/(-36738)) a prime number?
False
Let f be (5/(-10))/1*-2034. Suppose 0 = 11*z + f - 2986. Is z a composite number?
False
Suppose -12*t - 3099176 = -32*t + 6573924. Is t prime?
False
Suppose 0 = -p + 93*i - 90*i + 9088, 5*i = 5. Is p composite?
False
Suppose -3*t = -2*w + 2545, -5*w - 3*t = -4*t - 6382. Is w/(7 - 10 - -4) prime?
True
Let g(w) = 12*w**2 - 16*w + 79. Is g(-16) a prime number?
True
Let x(w) = 8 + 11*w + 11*w - 22*w + w**2 + 5*w. Let d be x(-2). Is d/(-10)*-262 + 9/15 a composite number?
False
Suppose 0 = -3*n + t + 21194, -5*t = -116 + 141. Is n a composite number?
True
Is 1096305/25 + 8/10 a prime number?
True
Let l be -7 + 3033*(-28)/(-2). Suppose 0 = 9*y - 136784 + l. Is y prime?
False
Let l = 4578 - 2488. Is 11/(l/20) - 324706/(-38) a composite number?
True
Suppose 0 = 217*c - 220*c + 17760. Suppose 7*l = c + 1143. Is l prime?
True
Let q(t) = -126*t**3 - t - 7. Let n = -252 + 250. Is q(n) composite?
True
Suppose -13 + 3 = -o. Let c(q) be the second derivative of q**5/20 - 7*q**4/12 + 5*q**3/6 + 3*q**2/2 + q - 130. Is c(o) a composite number?
False
Let w(f) = 2 + 4*f - f**2 - 382*f**3 - 2*f + 4*f**2 - 2*f**2. Let z be w(-1). Suppose 0 = p - 2704 + z. Is p prime?
False
Let z(f) = -2*f**3 + 6*f**2 + f + 12. Let b be (-12 - -9)/(6/(-4)). Let s be (0 + b + -6)*(-10)/(-8). Is z(s) a composite number?
True
Suppose 67088 = p + 3*g, 201292 = 3*p + 47*g - 42*g. Is p a prime number?
False
Suppose -26*s - 12 = -29*s. Suppose h + s*x + 49246 = -4*h, 5*h + 5*x + 49250 = 0. Is (-48)/(-120) - 2/(20/h) composite?
True
Let m be 2/(-3) + (-1990)/(-15). Suppose 10*k = -32*k + 126. Suppose 0 = k*q - 339 - m. Is q prime?
True
Let h be (-17)/(-34) + ((-935)/2 - 0). Suppose -3955 = -5*r - 5*p, -p = -4*r - 0*p + 3169. Let s = r - h. Is s composite?
False
Suppose 4*k = -2*k + 84. Let w be (-21)/k*(-1806)/9. Let v = w + -174. Is v a composite number?
False
Let o(i) = -223*i + 48. Suppose 2*m = -5*m - 119. Is o(m) a prime number?
False
Let w(z) = 99*z**2 + 9*z + 13. Let y be 2 + (12 - 4 - (3 - 1)). Is w(y) composite?
False
Suppose -2*l = 10*l - 7044. Is l + 0*(3 + -4 - 0) prime?
True
Suppose x - 719 = -2*y, 0 = 5*y - 4*y + x - 360. Suppose 260 = 3*o + 5*t, 4*o - y + 16 = -3*t. Let g = o - 48. Is g composite?
False
Suppose -3*b + 51 = 15. Suppose 0 = -9*u - b + 1794. Let h = -11 + u. Is h composite?
True
Let c(s) = 392*s**3 - 7*s**2 + 10*s - 3. Let t be (-27)/(-6) + (-4)/8 + 0. Is c(t) a prime number?
True
Suppose -24*b = -19*b - 10. Suppose -7*a + 6*a + 1190 = 3*j, 0 = -b*j + a + 795. Is j a prime number?
True
Is -1 + (-10 - (-3623210)/30 - (-3)/9) prime?
True
Let z(c) = 144*c**2 - 53*c + 127. Is z(24) prime?
True
Suppose 4*q = -558 + 574. Is q/18 - (559504/(-36) + -3) prime?
False
Let w = 250275 - -262664. Is w a prime number?
False
Let z = 15 + -13. Let h = -2 - -7. Suppose 2*f - h*k = 1658, -5*f - z*k = -7*k - 4175. Is f a prime number?
True
Let w = -145162 + 1053293. Is w composite?
True
Let b(j) = -24*j**3 + j**2 + 20*j + 17. Let m be b(-12). Suppose 8*l + 1081 = m. Is l prime?
True
Let h(k) = 1325*k - 3073. Is h(52) a prime number?
True
Let x be (0*(-4)/(-28))/(1 - -1). Suppose -37*c + 33*c + 58484 = x. Is c a composite number?
False
Let u = -202 - -197. Is -2 - (10895/u + (-2)/1) composite?
False
Let q = 27721 - 2736. Suppose -149998 = -21*v - q. Is v a prime number?
True
Suppose 19*w - 2128 = 1691. Let b = w + 386. Is b a composite number?
False
Let c be (-148)/(-18) + (-4)/18. Let t be (1 + c/(-6))*6. Is ((-4629)/6)/((t/4)/1) composite?
False
Suppose -4*p - 87254 + 272442 = 4*j, -3*p + 46297 = j. Is j a prime number?
False
Let n(m) = -5795*m + 1601. Is n(-16) composite?
False
Let i = 1636 - -10501. Suppose -i = -2*n + 3*s, -9088 = -3*n + 4*s + 9119. Let y = 9006 - n. Is y a prime number?
False
Let u = 213868 + -78767. Is u composite?
False
Suppose 2*q - 142 = -4*k, 2*k - q = 4*q + 65. Suppose -27*t - 29896 = -k*t. Is t composite?
True
Is (7/2 - 3)/(6*(-1)/(-1015116)) prime?
False
Is -40 + 32 + ((-18741)/(-3) - 0) prime?
False
Let w be (-7)/((-21)/166104) + 4. Let j be (2/(-3))/(w/11076 - 5). Let y = -522 + j. Is y a prime number?
True
Suppose -5*u = -3*o - 3873 - 219, u - 817 = 2*o. Suppose 0 = -3*t - u + 7116. Is t a composite number?
False
Suppose 314*u + 115638 = 318*u + 2*l, -4*l + 4 = 0. Is u a composite number?
False
Let t(z) = z**3 + 24*z**2 + 13*z + 13. Let l be t(-18). Suppose 0 = -136*y + 135*y + l. Is y a composite number?
False
Let k = 202 + -171. Let x(z) = 75*z - 110. Is x(k) a composite number?
True
Suppose -3*o = 3*c - 25038, -6*o - 5*c = -10*o + 33393. Is o a prime number?
False
Suppose 0 = -4*x + 19 + 5. Suppose -2*m - 3*i = -m + 13, -2*m + 2*i = -x. Let s(j) = -409*j + 2. Is s(m) a prime number?
False
Suppose 0 = -2*c + 7*c - 3*z - 783080, 2*z = -10. Is c prime?
False
Let w(z) = -3469*z**3 + 20*z**2 - 34*z + 34. Is w(-5) a composite number?
True
Suppose 3*m + 4*g = 930911, 2*g = -4*m - 0*g + 1241198. Is m a prime number?
False
Suppose -25*i + 141753 = -128247. Suppose 0 = 5*m - 3*q - i, 16*m + q + 4319 = 18*m. Is m a prime number?
False
Suppose -3*p + n + 15067 = 0, 5210 + 4818 = 2*p - 4*n. Suppose -k - 1255 = -5*a + 4*a, 2*k + p = 4*a. Is a a composite number?
True
Let g be 2*((-4 - -8) + 6/(-2)). Suppose -3*o + 7*t = g*t - 3752, -3*t = -5*o + 6280. Is o a composite number?
False
Suppose 2*q - 230 = -2*g + 13140, q = 5*g + 6661. Let s = -3814 + q. Is s a prime number?
False
Let c(i) = -2*i**2 - 72*i**3 + 77 + 4*i**2 - 4*i**2 - 72. Is c(-3) prime?
True
Suppose 60*k - 3473938 = 34*k. Is k composite?
True
Suppose 4*x - r = -8599, -5*r = -x - 618 - 1508. Let u = -692 - x. Is u prime?
True
Let c(m) = m**2 + 18*m - 44. Let f be c(-18). Is 11/f + (-77780)/(-16) a composite number?
False
Let i(y) = -2*y**2 - 20*y - 13. Let c be i(-9). Let w(d) = 4*d**3 - 4*d**2 - 5*d - 34. Is w(c) a prime number?
False
Let z = 224666 - 121795. Is z composite?
False
Let a(t) = -360*t**3 - 2*t**2 - 3*t + 4. Let u be a(1). Let c be ((-2568)/(-30))/((-2)/(-20)). Let f = c - u. Is f composite?
False
Suppose 106*r - 3138966 = 6856304. Is r a prime number?
False
Let u = 188 - 184. Suppose u*j + 5*a = 10*a + 5421, -j = -5*a - 1374. Is j prime?
False
Suppose -54961 = -4*z + 350107. Is z a composite number?
False
Let s be (-3 + 2)/(-5*11/1395185). Suppose -r - 3*k = -s, r - 5*k - 25367 = -0*k. Is r prime?
True
Suppose l + 6*q + 9 = 3*q, 2*l - 5*q - 15 = 0. Suppose -5*k - 1553 = -2*z, 2*k + 3*z + 667 - 42 = l. Let a = k + 514. Is a prime?
False
Let h(v) = 100692*v + 935. Is h(14) a composite number?
False
Let s = 84 - 0. Let t = -81 + s. Suppose -5*n = -m + 2307, t*m + 4*n - 6957 = n. Is m composite?
True
Let d be (-1 - 2)/(-3) + 1 + 18207. Suppose -10*r = -d - 73461. Is r a prime number?
False
Suppose 24*w + 47004 = 30*w. Suppose 0*r + w = r. Is r/10 + -4 - (-4)/(-10) composite?
True
Suppose 4*r - 1400 = -5*w + 1139, -4*w - r = -2040. Let n = 1144 + w. Is n a prime number?
False
